termine l(-4).
-3
Let g(p) = -p**3 - 58*p**2 + 57*p - 125. What is g(-59)?
-7
Let q(z) = -2*z**2 + 12*z - 9. Determine q(6).
-9
Let n(s) = -s**3 + 5*s**2 + s - 4. Calculate n(2).
10
Let c(i) = -8*i - 94. Determine c(-13).
10
Let r(w) = -2*w**2 - w + 12. Give r(0).
12
Let z(b) = -b - 2. Calculate z(5).
-7
Let v(d) = -5*d**3 + 2*d**2 + 3. Calculate v(-2).
51
Let y(t) = 4*t + 61. Give y(-18).
-11
Let q(s) = -s**2 - 17*s - 26. Calculate q(-15).
4
Let b(a) = 2*a**3 - a**2 - 9*a - 14. Calculate b(-2).
-16
Let k(w) = w + 6. Calculate k(5).
11
Let d(s) = 4*s**2 - 118*s + 65. Calculate d(29).
7
Let n(k) = -7*k. Give n(2).
-14
Let h(s) = -13*s**3 + s**2 - 4*s + 2. Calculate h(1).
-14
Let z(m) = m**2 - 21*m + 23. Determine z(20).
3
Let l(v) = 20*v**2 - 2*v + 2. Give l(1).
20
Let v(l) = 2*l - 2. Calculate v(11).
20
Let i(t) = -t**2. Give i(-1).
-1
Let l(x) = -x**3 - 69*x**2 - 132*x + 140. Calculate l(-67).
6
Let m(f) = 2*f + 23. Give m(-10).
3
Let t(i) = i**2 - 14*i - 20. Determine t(9).
-65
Let y(a) = -13*a**2 + 1. What is y(1)?
-12
Let r(z) = z - 7. Give r(2).
-5
Let s(y) = 6*y - 31. What is s(6)?
5
Let g(q) = -q - 23. Determine g(-33).
10
Let l(u) = -29*u. Determine l(2).
-58
Let z(a) = -5*a - 47. Determine z(-10).
3
Let x(a) = a**3 - 6*a**2 - 8*a - 6. Give x(7).
-13
Let v(m) = -m**3 - 10*m**2 + 4. What is v(-10)?
4
Let w(v) = v**3 - 40*v**2 + v - 22. Determine w(40).
18
Let a(m) = m - 2. Give a(0).
-2
Let b(z) = -2*z - 120. What is b(-37)?
-46
Let a(j) = 4*j - 29. Give a(6).
-5
Let w(m) = -6*m - 69. Give w(-10).
-9
Let m(z) = z - 3. Give m(7).
4
Let z(c) = c - 10. Give z(3).
-7
Let f(x) = -x**2 - 6*x + 6. What is f(-9)?
-21
Let x(p) = -p**2 - 16*p - 35. Give x(-14).
-7
Let g(y) = -4*y**2 + 2*y - 6. Give g(-5).
-116
Let w(y) = -7*y. Determine w(-1).
7
Let c(i) = 10*i + 2. Determine c(-1).
-8
Let o(u) = 11*u**2 + 2*u - 2. Give o(1).
11
Let m(b) = b**3 - 16*b**2 + b + 6. Determine m(16).
22
Let x(k) = k**3 + 16*k**2 + 25*k - 27. Give x(-14).
15
Let p(m) = -m**3 - 11*m**2 - 7*m - 13. Calculate p(-10).
-43
Let m(i) = -i**2 + 21*i - 60. What is m(18)?
-6
Let u(r) = 48*r + 73. Give u(-2).
-23
Let i(m) = -m**3 - 3*m**2 + m - 5. What is i(-6)?
97
Let c(p) = -15*p + 1. Calculate c(1).
-14
Let n(j) = 13*j + 31. What is n(-7)?
-60
Let s(b) = -4*b**2 + 36*b - 1. Give s(9).
-1
Let k(r) = 3*r - 7. Calculate k(-2).
-13
Let y(a) = -24*a - 66. Determine y(-3).
6
Let o(a) = a**3 - 3*a**2 + a + 2. Calculate o(-4).
-114
Let p(q) = -3*q**2 - 7*q + 1. What is p(-3)?
-5
Let c(k) = -3*k**2 + 2. Give c(-2).
-10
Let y(j) = j**3 + 8*j**2 + 4*j + 10. What is y(-9)?
-107
Let t(l) = -l**2 + 3*l + 73. What is t(10)?
3
Let w(t) = -2*t - 39. What is w(-11)?
-17
Let n(d) = 2*d - 46. What is n(19)?
-8
Let m(t) = -t**2 - 15*t - 3. What is m(-15)?
-3
Let x(v) = v**3 - 15*v**2 + 15*v - 11. What is x(14)?
3
Let m(r) = -r + 12. What is m(11)?
1
Let r(h) = h**2 - 45*h + 81. What is r(43)?
-5
Let v(w) = 36*w + 439. Give v(-12).
7
Let o(r) = r**3 + 13*r**2 + 19*r - 28. What is o(-11)?
5
Let l(a) = a**2 - 7*a - 30. What is l(7)?
-30
Let f(r) = 6*r - 20. Calculate f(6).
16
Let x(k) = k**3 + 7*k**2 + 7*k - 1. Give x(-6).
-7
Let p(j) = 53*j + 269. Determine p(-5).
4
Let r(h) = -3*h**3 + 2*h**2 + 8*h + 4. Determine r(-3).
79
Let s(a) = 2*a + 5. What is s(-2)?
1
Let t(m) = m**2 + 6*m + 5. Calculate t(-5).
0
Let u(c) = c**3 - 12*c**2 + c - 3. Give u(12).
9
Let b(x) = -23*x - 2. What is b(1)?
-25
Let s(x) = -x**3 - 10*x**2 - 4*x + 4. What is s(-9)?
-41
Let f(r) = 22*r + 63. Determine f(-12).
-201
Let i(o) = -17*o + 7. What is i(3)?
-44
Let w(l) = 7*l - 50. Give w(7).
-1
Let t(h) = h**2 + 3*h - 31. Determine t(-10).
39
Let o(n) = 5*n**2 + 47*n + 46. Calculate o(-8).
-10
Let s(t) = 9*t - 15. Determine s(12).
93
Let b(j) = j**3 - 28*j**2 + 53*j - 27. Determine b(26).
-1
Let c(q) = -q**2 - 13*q - 11. Give c(-4).
25
Let a(q) = 12*q + 1. What is a(-1)?
-11
Let r(y) = -y**3 - 6. Determine r(0).
-6
Let w(u) = -7*u**3 - u**2 - 3*u - 3. What is w(-2)?
55
Let k(n) = 2*n**2 + 18*n + 15. Determine k(-12).
87
Let u(h) = h**2 - 6*h - 61. Calculate u(11).
-6
Let u(i) = 2*i**2 + 13*i + 7. Determine u(-5).
-8
Let h(v) = -v + 2. What is h(5)?
-3
Let a(b) = b**2 - 4*b - 7. Give a(0).
-7
Let b(m) = 11*m + 14. What is b(-4)?
-30
Let c(a) = a**2 + 2*a + 3. Give c(-5).
18
Let c(o) = -o**2 - o + 27. What is c(-6)?
-3
Let h(q) = -52*q - 5. Determine h(1).
-57
Let k(h) = -5*h - 39. Determine k(-8).
1
Let y(j) = j**2 - 11*j + 10. Give y(10).
0
Let q(i) = 9*i**2 - 4*i + 2. Determine q(-2).
46
Let b(i) = 6*i + 11. Give b(5).
41
Let a(h) = -7*h - 47. Determine a(-17).
72
Let k(x) = -x**3 - 5*x**2 - 7*x + 8. Give k(-4).
20
Let m(u) = -u**3 - u**2 - 2*u + 2. Determine m(1).
-2
Let l(z) = -z**3 - 3*z**2 + z + 4. Determine l(-2).
-2
Let o(u) = -7*u**2 + 64*u - 3. Calculate o(9).
6
Let g(f) = -f**3 + 5*f**2 - 2*f - 2. Determine g(4).
6
Let b(m) = -3*m + 3. Give b(-1).
6
Let u(f) = -3*f**3 - f**2 - 6*f + 14. Determine u(4).
-218
Let l(w) = w**2 - 7*w - 7. Give l(5).
-17
Let d(f) = -f**2 - 2*f + 6. Determine d(4).
-18
Let b(c) = 3*c**3 - 4*c**2 + 9*c - 6. Calculate b(3).
66
Let p(o) = 68*o**2 - 3*o - 2. Give p(-1).
69
Let l(j) = 2*j + 9. Determine l(-7).
-5
Let q(n) = n**3 + 5*n**2 - 20*n + 11. Determine q(-8).
-21
Let k(c) = -c**2 + 32*c - 211. Calculate k(23).
-4
Let y(h) = -h**3 - 14*h**2 + 11*h - 29. Give y(-15).
31
Let b(z) = -4*z - 6. Determine b(7).
-34
Let x(o) = o**3 + 9*o**2 + o + 5. What is x(-9)?
-4
Let l(f) = -2*f - 17. Give l(-9).
1
Let b(r) = -r + 52. Calculate b(40).
12
Let i(w) = -w + 1. Calculate i(5).
-4
Let y(o) = 3*o**2 + 3*o - 4. Calculate y(-5).
56
Let s(k) = -2*k - 36. Determine s(-14).
-8
Let u(o) = o**3 + 32*o + 117. Give u(-3).
-6
Let n(z) = -3*z**2 - 27*z - 49. What is n(-2)?
-7
Let n(q) = q**3 + 17*q**2 + 1. Give n(-17).
1
Let c(x) = x**3 - 6*x**2 - 5*x + 9. Give c(6).
-21
Let r(q) = -7*q + 37. Calculate r(15).
-68
Let j(o) = 15*o + 79. Give j(-13).
-116
Let d(m) = -m**2 + 15*m - 24. Give d(13).
2
Let g(y) = 5*y**2 - 3*y - 2. Give g(2).
12
Let z(l) = l**3 + 4*l**2 - l - 2. Give z(-4).
2
Let o(q) = 4*q**2 - q - 2. Give o(-2).
16
Let l(k) = -31*k - 2. Determine l(-1).
29
Let h(t) = 72*t - 426. Give h(6).
6
Let q(w) = w + 10. Calculate q(-5).
5
Let j(r) = -9*r + 381. Determine j(43).
-6
Let h(r) = -2*r**3 + 9*r**2 - 6*r - 9. Determine h(3).
0
Let q(a) = a**3 + 12*a**2 + a - 6. Give q(-12).
-18
Let m(c) = c**2 + 12*c - 17. Determine m(-15).
28
Let w(b) = -b - 8. Calculate w(12).
-20
Let d(y) = -y**3 - y**2 + 3*y + 6. Determine d(-2).
4
Let i(w) = -18*w + 6. What is i(2)?
-30
Let f(u) = 8*u. Determine f(-1).
-8
Let p(w) = -w**3 - 3*w**2 + w + 5. Calculate p(-2).
-1
Let g(a) = a**3 - a**2 - 8*a - 1. Give g(-2).
3
Let j(v) = -17*v - 19. Give j(-8).
117
Let j(t) = -t**2 - 18*t - 7. What is j(-17)?
10
Let t(z) = 10*z - 225. What is t(24)?
15
Let d(v) = v**2 - 3*v - 7. What is d(-2)?
3
Let o(y) = -y**2 + 19*y - 37. Give o(15).
23
Let l(v) = 20*v**2 - v. Calculate l(1).
19
Let f(k) = -k - 14. What is f(-5)?
-9
Let j(v) = v**2 + 25*v + 107. Give j(-20).
7
Let y(b) = 5*b**2 - 43*b - 4. Calculate y(7).
-60
Let d(g) = -g**3 + 2*g**2 - 2*g - 22. Calculate d(0).
-22
Let l(p) = -2*p**3 + 3*p**2 - 4*p. Determine l(2).
-12
Let t(k) = 2*k**2 - 15*k + 10. What is t(6)?
-8
Let u(q) = -7*q - 142. Determine u(-20).
-2
Let l(x) = -3*x - 1. Give l(-1).
2
Let t(a) = -a**3 - 4*a**2 + 2. Calculate t(-3).
-7
Let x(k) = -5*k + 10. Calculate x(5).
-15
Let x(y) = 29*y**2 + 3*y - 4. What is x(1)?
28
Let j(k) = -k**3 - 2*k**2 + k + 28. What is j(0)?
28
Let o(q) = q**2 - 2*q. Calculate o(3).
3
Let y(z) = -z**3 - 3*z**2 - 3*z. What is y(-3)?
9
Let g(r) = r**3 + 30*r**2 - 29*r + 68. Give g(-31).
6
Let l(d) = -d**3 + 11*d**2 - 19*d + 9. Determine l(9).
0
Let k(u) = 16*u - 82. What is k(5)?
-2
Let c(t) = -t**2 - 6*t - 7. Determine c(-2).
1
Let n(s) = s**2 + 7*s + 7. Give n(-3).
-5
Let a(m) = -18*m - 798. What is a(-44)?
-6
Let z(m) = -3*m**2 - 57*m + 7. Calculate z(-19).
7
Let g(y) = -y**3 + 9*y**2 + 21*y + 26. Calculate g(11).
15
Let w(f) = 27*f - 161. Give w(6).
1
Let y(r) = r**3 - 5*r**2 + 2*r + 6. Give y(3).
-6
Let b(t) = 3*t - 66. Determine b(20).
-6
Let m(c) = 124*c - 620. What is m(5)?
0
Let a(i) = i - 7. Give a(12).
5
Let k(y) = y**3 + 5*